 highest common divisor of 14407932 and 84?
84
Calculate the highest common divisor of 25438 and 2370.
158
Calculate the greatest common divisor of 28 and 38332.
28
What is the greatest common divisor of 23986 and 4296?
358
Calculate the highest common factor of 3 and 6448.
1
Calculate the highest common divisor of 55 and 561506.
11
Calculate the highest common factor of 462 and 181797.
231
What is the greatest common factor of 91 and 3269?
7
What is the highest common divisor of 122 and 375943?
61
What is the greatest common divisor of 91135 and 110?
55
What is the highest common divisor of 474 and 108?
6
What is the greatest common factor of 36 and 120444?
12
What is the highest common divisor of 13213 and 18323?
73
What is the highest common divisor of 908892 and 36?
36
What is the highest common divisor of 191760 and 2160?
240
What is the greatest common divisor of 407 and 4699?
37
What is the highest common divisor of 34638 and 10040?
502
Calculate the greatest common factor of 12493 and 39.
13
What is the highest common factor of 14 and 80717?
7
Calculate the greatest common factor of 1705 and 2455.
5
What is the greatest common factor of 409858 and 202?
202
What is the highest common factor of 288252 and 2512?
628
Calculate the greatest common divisor of 244 and 265960.
244
Calculate the greatest common factor of 673552 and 176.
176
What is the highest common factor of 11925 and 8109?
477
What is the greatest common factor of 2128 and 1193276?
532
Calculate the greatest common divisor of 36 and 69084.
36
What is the highest common divisor of 1896 and 1027?
79
What is the greatest common divisor of 26961 and 3?
3
Calculate the greatest common factor of 83159 and 274.
137
What is the greatest common factor of 58557 and 25152?
393
What is the highest common factor of 52969 and 49?
49
What is the highest common divisor of 1752 and 3612?
12
Calculate the highest common divisor of 4002 and 2829.
69
What is the highest common factor of 57227 and 178?
89
Calculate the highest common divisor of 18814 and 322.
46
What is the highest common divisor of 594 and 214974?
54
What is the highest common divisor of 319 and 28188?
29
What is the highest common factor of 12717 and 75831?
471
Calculate the greatest common factor of 5140 and 69647.
257
What is the greatest common divisor of 1002 and 700?
2
Calculate the highest common divisor of 20870 and 355.
5
Calculate the highest common divisor of 86 and 434386.
86
Calculate the greatest common factor of 23406 and 78.
6
Calculate the highest common factor of 3994125 and 225.
75
What is the greatest common factor of 637 and 22841?
91
Calculate the highest common factor of 4979 and 14131.
13
What is the greatest common factor of 34 and 2210068?
34
Calculate the greatest common divisor of 1605 and 915.
15
What is the greatest common divisor of 46128 and 96?
48
Calculate the highest common divisor of 1374120 and 220.
220
Calculate the greatest common divisor of 62 and 354919.
31
What is the highest common divisor of 7333056 and 60?
12
Calculate the greatest common factor of 6357 and 975.
39
Calculate the highest common divisor of 495246 and 590.
118
What is the highest common factor of 46312 and 48?
8
Calculate the highest common factor of 325 and 264550.
325
What is the greatest common factor of 50502 and 456?
114
What is the highest common factor of 38484 and 180?
36
What is the greatest common factor of 59862 and 462?
66
Calculate the highest common factor of 10 and 24677.
1
Calculate the highest common divisor of 6 and 22398.
6
Calculate the highest common divisor of 220188 and 1239.
177
Calculate the highest common divisor of 6432 and 514158.
402
What is the highest common divisor of 6850 and 29850?
50
Calculate the greatest common factor of 19027 and 11488.
359
What is the highest common factor of 198 and 308418?
66
Calculate the greatest common divisor of 73630 and 185.
185
Calculate the highest common divisor of 22348 and 17063.
151
Calculate the greatest common divisor of 2353 and 195.
13
What is the greatest common factor of 84 and 7420?
28
What is the highest common factor of 225 and 1127475?
225
Calculate the highest common factor of 465880 and 40.
40
Calculate the highest common factor of 188055 and 3213.
189
Calculate the greatest common divisor of 550585 and 7.
7
Calculate the greatest common divisor of 2289 and 107256.
327
Calculate the highest common factor of 100 and 431800.
100
What is the highest common factor of 516 and 2830260?
516
What is the highest common factor of 220023 and 1431?
27
Calculate the highest common divisor of 136 and 1365304.
136
Calculate the highest common factor of 98813 and 143.
143
What is the greatest common factor of 6785 and 3876949?
1357
Calculate the greatest common divisor of 1368 and 5149.
19
Calculate the greatest common divisor of 1325508 and 12.
12
What is the greatest common divisor of 1328 and 159609?
83
Calculate the highest common factor of 1736 and 44764.
124
Calculate the highest common divisor of 112500 and 75.
75
What is the greatest common factor of 173802 and 1494?
498
What is the highest common divisor of 194402 and 104?
26
What is the greatest common factor of 23 and 12696?
23
What is the greatest common factor of 1113 and 131705?
371
Calculate the greatest common factor of 1762 and 686.
2
Calculate the highest common factor of 8348 and 1208.
4
Calculate the highest common factor of 27 and 31149.
9
Calculate the greatest common divisor of 597 and 1064451.
597
What is the highest common divisor of 62 and 79422?
62
What is the greatest common factor of 11404832 and 47?
47
Calculate the greatest common divisor of 12904 and 336.
8
What is the greatest common divisor of 1356173 and 1274?
637
What is the greatest common divisor of 30544 and 299?
23
Calculate the highest common divisor of 187 and 657577.
17
What is the highest common factor of 319 and 11506?
11
What is the greatest common divisor of 1396 and 5?
1
What is the highest common divisor of 196651 and 39?
13
What is the greatest common factor of 112590 and 1?
1
Calculate the greatest common factor of 1257 and 264.
3
What is the greatest common factor of 280761 and 253?
23
Calculate the greatest common divisor of 57960 and 18515.
805
Calculate the highest common divisor of 2448 and 10863.
153
Calculate the highest common divisor of 775 and 3460.
5
What is the highest common divisor of 3376 and 685961?
211
What is the highest common factor of 4580 and 500?
20
What is the greatest common factor of 1326 and 144898?
26
What is the greatest common factor of 8240715 and 315?
315
What is the highest common divisor of 21813 and 33?
33
Calculate the highest common divisor of 1017 and 3468083.
113
Calculate the highest common factor of 33370 and 54386.
142
Calculate the highest common divisor of 13212 and 175426.
734
What is the highest common divisor of 705110 and 5880?
490
What is the highest common divisor of 221 and 10647?
13
Calculate the highest common factor of 20 and 762668.
4
Calculate the highest common divisor of 88399 and 1622.
811
Calculate the greatest common factor of 81515 and 5950.
595
What is the highest common divisor of 57 and 47139?
57
What is the greatest common divisor of 265624 and 40?
8
Calculate the greatest common factor of 1020 and 7410.
30
What is the highest common divisor of 256860 and 270?
90
What is the highest common divisor of 78 and 769938?
78
What is the highest common factor of 390 and 1561170?
390
What is the highest common factor of 27 and 758781?
27
Calculate the highest common factor of 1728 and 54.
54
What is the greatest common factor of 1284801 and 1158?
579
What is the greatest common divisor of 320 and 53280?
160
Calculate the greatest common factor of 928 and 33234.
58
What is the greatest common divisor of 473 and 1793?
11
Calculate the greatest common factor of 59344 and 32.
16
What is the greatest common factor of 410 and 19985?
5
Calculate the highest common divisor of 261064 and 96.
8
What is the greatest common factor of 100 and 80175?
25
What is the highest common divisor of 379054 and 478?
478
What is the greatest common divisor of 16192 and 3312?
368
What is the greatest common divisor of 1000 and 8650?
50
Calculate the highest common divis